ime factors of 1329243?
3, 563, 787
List the prime factors of 456104.
2, 11, 71, 73
List the prime factors of 3097715.
5, 619543
What are the prime factors of 450551?
17, 1559
What are the prime factors of 6847161?
3, 29, 211, 373
What are the prime factors of 144882?
2, 3, 2683
List the prime factors of 357942.
2, 3, 13, 353
What are the prime factors of 9470166?
2, 3, 1578361
List the prime factors of 19805638.
2, 19, 521201
List the prime factors of 4809640.
2, 5, 11, 17, 643
What are the prime factors of 11969246?
2, 23, 260201
List the prime factors of 383262.
2, 3, 11, 5807
What are the prime factors of 244351?
244351
What are the prime factors of 852311?
23, 37057
List the prime factors of 41655.
3, 5, 2777
What are the prime factors of 6024888?
2, 3, 27893
List the prime factors of 207940.
2, 5, 37, 281
What are the prime factors of 1090865?
5, 107, 2039
What are the prime factors of 85876?
2, 7, 3067
What are the prime factors of 219559?
29, 67, 113
List the prime factors of 258182.
2, 167, 773
List the prime factors of 3830191.
19, 201589
List the prime factors of 1059206.
2, 529603
What are the prime factors of 87764?
2, 37, 593
What are the prime factors of 1763394?
2, 3, 293899
What are the prime factors of 12708555?
3, 5, 847237
What are the prime factors of 219316?
2, 54829
What are the prime factors of 114139?
157, 727
List the prime factors of 221026.
2, 13, 8501
What are the prime factors of 278275?
5, 11131
List the prime factors of 4244200.
2, 5, 21221
List the prime factors of 44568.
2, 3, 619
List the prime factors of 797588.
2, 11, 18127
What are the prime factors of 468094?
2, 11, 21277
List the prime factors of 43993.
29, 37, 41
List the prime factors of 3281620.
2, 5, 71, 2311
What are the prime factors of 199143?
3, 7, 29, 109
What are the prime factors of 441782?
2, 11, 43, 467
List the prime factors of 332968.
2, 41621
List the prime factors of 130952.
2, 16369
List the prime factors of 2786638.
2, 937, 1487
List the prime factors of 2505430.
2, 5, 250543
List the prime factors of 59892.
2, 3, 7, 23, 31
List the prime factors of 1709627.
101, 16927
List the prime factors of 5728573.
29, 251, 787
List the prime factors of 2467154.
2, 1233577
What are the prime factors of 4802419?
149, 167, 193
What are the prime factors of 4901710?
2, 5, 11, 4051
List the prime factors of 23680473.
3, 17, 311, 1493
List the prime factors of 429348.
2, 3, 37, 967
What are the prime factors of 556107?
3, 185369
List the prime factors of 17640443.
3371, 5233
List the prime factors of 23104067.
7, 179, 18439
List the prime factors of 1451109.
3, 11, 43973
What are the prime factors of 330302?
2, 7, 23593
What are the prime factors of 441474?
2, 3, 11, 6689
List the prime factors of 2274601.
7, 53, 6131
What are the prime factors of 347340?
2, 3, 5, 7, 827
List the prime factors of 88484.
2, 11, 2011
List the prime factors of 9600412.
2, 137, 17519
What are the prime factors of 77782?
2, 38891
List the prime factors of 672054.
2, 3, 101, 1109
What are the prime factors of 172219?
172219
List the prime factors of 388698.
2, 3, 64783
What are the prime factors of 1473360?
2, 3, 5, 7, 877
What are the prime factors of 492833?
11, 4073
List the prime factors of 19351399.
19351399
List the prime factors of 50265.
3, 5, 1117
List the prime factors of 1978955.
5, 11, 3271
List the prime factors of 125552.
2, 7, 19, 59
What are the prime factors of 240716?
2, 7, 8597
List the prime factors of 125068.
2, 31267
What are the prime factors of 5518943?
53, 101, 1031
List the prime factors of 22101825.
3, 5, 61, 4831
What are the prime factors of 27537?
3, 67, 137
List the prime factors of 1043927.
67, 15581
List the prime factors of 551485.
5, 11, 37, 271
List the prime factors of 10056196.
2, 59, 42611
What are the prime factors of 8125219?
47, 172877
What are the prime factors of 2223653?
73, 83, 367
What are the prime factors of 5508055?
5, 7, 241, 653
List the prime factors of 1135872.
2, 3, 17, 29
List the prime factors of 616578.
2, 3, 102763
List the prime factors of 11985006.
2, 3, 11, 113, 1607
What are the prime factors of 2073541?
17, 283, 431
List the prime factors of 360392.
2, 19, 2371
What are the prime factors of 3134851?
17, 61, 3023
What are the prime factors of 2285884?
2, 571471
What are the prime factors of 11815529?
11, 97649
What are the prime factors of 18347118?
2, 3, 79, 38707
What are the prime factors of 232083?
3, 107, 241
List the prime factors of 20594540.
2, 5, 31, 59, 563
What are the prime factors of 169495?
5, 109, 311
What are the prime factors of 6987280?
2, 5, 167, 523
List the prime factors of 873358.
2, 17, 1511
What are the prime factors of 1134849?
3, 378283
List the prime factors of 4478265.
3, 5, 11, 83, 109
List the prime factors of 13691940.
2, 3, 5, 228199
List the prime factors of 1050123.
3, 199, 1759
List the prime factors of 1276812.
2, 3, 29, 1223
What are the prime factors of 2242265?
5, 223, 2011
What are the prime factors of 484670?
2, 5, 17, 2851
List the prime factors of 24138053.
41, 588733
List the prime factors of 729435.
3, 5, 7, 6947
List the prime factors of 276032.
2, 19, 227
What are the prime factors of 5305015?
5, 103, 10301
List the prime factors of 101104.
2, 71, 89
What are the prime factors of 327065?
5, 65413
List the prime factors of 18689878.
2, 1087, 8597
List the prime factors of 669996.
2, 3, 37, 503
List the prime factors of 253135.
5, 50627
List the prime factors of 7339627.
43, 170689
What are the prime factors of 2087176?
2, 7, 13, 47, 61
List the prime factors of 523164.
2, 3, 43597
What are the prime factors of 7928320?
2, 5, 19, 163
What are the prime factors of 1069943?
7, 353, 433
List the prime factors of 7492349.
1033, 7253
List the prime factors of 2388395.
5, 19, 31, 811
List the prime factors of 627054.
2, 3, 41, 2549
List the prime factors of 16900085.
5, 3380017
What are the prime factors of 7581766?
2, 23, 164821
List the prime factors of 365698.
2, 83, 2203
What are the prime factors of 34249636?
2, 8562409
List the prime factors of 11795671.
17, 673, 1031
List the prime factors of 452504.
2, 13, 19, 229
List the prime factors of 141831.
3, 17, 103
What are the prime factors of 1752281?
659, 2659
What are the prime factors of 4188892?
2, 19, 55117
What are the prime factors of 1744989?
3, 581663
List the prime factors of 11930720.
2, 5, 74567
What are the prime factors of 450374?
2, 67, 3361
What are the prime factors of 5482218?
2, 3, 7, 29, 643
What are the prime factors of 31433?
17, 43
What are the prime factors of 2647988?
2, 7, 17, 5563
What are the prime factors of 66172?
2, 71, 233
What are the prime factors of 1620769?
1620769
List the prime factors of 99272.
2, 12409
List the prime factors of 334835.
5, 167, 401
List the prime factors of 1965406.
2, 982703
List the prime factors of 5703598.
2, 2851799
What are the prime factors of 194299?
7, 41, 677
What are the prime factors of 12314754?
2, 3, 25339
What are the prime factors of 2319699?
3, 31, 24943
List the prime factors of 1242336.
2, 3, 12941
List the prime factors of 142249.
59, 2411
List the prime factors of 12851040.
2, 3, 5, 41, 653
List the prime factors of 6014270.
2, 5, 23, 79, 331
List the prime factors of 719253.
3, 17, 1567
List the prime factors of 535079.
29, 18451
What are the prime factors of 10149160?
2, 5, 7, 67, 541
List the prime factors of 12460507.
17, 732971
What are the prime factors of 4275130?
2, 5, 427513
List the prime factors of 6200654.
2, 3100327
List the prime factors of 243895.
5, 48779
What are the prime factors of 5522155?
5, 1104431
List the prime factors of 2305981.
97, 23773
List the prime factors of 14118083.
7, 19, 101, 1051
List the prime factors of 10479437.
10479437
List the prime factors of 40623205.
5, 7, 23687
List the prime factors of 728488.
2, 41, 2221
What are the prime factors of 16190589?
3, 5396863
List the prime factors of 1266703.
311, 4073
What are the prime factors of 27412706?
2, 19, 721387
What are the prime factors of 302328?
2, 3, 13, 17, 19
What are the prime factors of 13720793?
19, 722147
What are the prime factors of 10298457?
3, 13, 23, 43, 89
List the prime factors of 937571.
937571
List the prime factors of 236445.
3, 5, 1